)?
8
Let v(a) be the third derivative of a**6/120 + a**5/15 - a**4/12 + 5*a**3/6 + 22*a**2. What is v(-5)?
-10
Let o be ((-30)/(-9))/((-6)/(-9)). Let v(y) be the second derivative of -y**3/2 + 7*y**2/2 - 2*y. Determine v(o).
-8
Let k(j) be the first derivative of -2*j + 1/2*j**2 - 7. Determine k(4).
2
Let t(y) = 2*y - 8. Let a be t(6). Suppose -a*g + 2 = -10. Let n(b) = -1 - 4*b**2 + 3*b - g + b**3 + 0*b**2. Calculate n(3).
-4
Let p(n) = -n**3 + n**2 - 4*n. Suppose -19 = -3*o + 2*f, 4*o - 4*f - 17 = -3*f. Let s(w) = 3*w**3 - w**2 + 7*w. Let m(i) = o*s(i) + 5*p(i). Calculate m(-1).
-3
Let k(d) = -3*d + 1. Let g(x) = x - 1. Let a(q) = -3*q + 3. Let c(i) = 2*a(i) + 5*g(i). Let z be c(0). Calculate k(z).
-2
Let n(u) = -u**2 - 13*u - 6. Let r be n(-13). Let h(a) = a + 7. What is h(r)?
1
Let j(r) = -3*r**2 - 13*r. Let a(m) = m**2 + m - 1. Let y(h) = 4*a(h) + j(h). Calculate y(7).
-18
Suppose -p = -5*z - 26, -4*p - 5*z = -2*z - 12. Let m(v) = -v**2 + 8*v - 4. Calculate m(p).
8
Let b(y) = 3 + 0 - 1 - 4 - y. Let f(p) = 5*p + 9. Let r(a) = -11*b(a) - 2*f(a). Calculate r(0).
4
Let d(f) = -4 - f + 7*f - 7*f. Give d(-3).
-1
Let r be -4 + (3 + -2 - -1). Let l be -1 - (-2 - 2/2). Let b(t) = 2*t + 3*t**2 + t - t**l. Determine b(r).
2
Let z(u) = u**2 - 6*u + 5. Suppose 0 = -5*c - 10, -2*c = 2*l - 4 + 2. Let x(v) = 2*v**2 - 1 - 2*v - v - v. Let h be x(l). Calculate z(h).
0
Let j(a) be the first derivative of -1 + a + 0*a**2 + 7/3*a**3. Determine j(1).
8
Let p(b) = -2*b + 4*b**2 - 3*b + 10*b - 6*b. What is p(1)?
3
Let q(h) = 4 + 4*h - h**2 + 2*h - 3*h. Let p = -23 - -39. Suppose -5*k = -k - p. Calculate q(k).
0
Let o(k) = -7*k. Suppose 0 = 4*l + l + 5. Determine o(l).
7
Let z(w) = 2*w - 8 + 8 + 0. Calculate z(-4).
-8
Let d(z) = -3 - 6 + 0*z - 3*z. Let n(f) = -f - 3. Let c(u) = -2*d(u) + 7*n(u). Calculate c(-3).
0
Suppose 0 = x + 5*d + 10, -d - 3 = -3*x - 1. Let o(h) = 4 - 4 + 2*h + x. Give o(3).
6
Let h(r) be the second derivative of r**5/20 - 3*r**4/4 - r**3/6 - r**2 - 2*r. What is h(9)?
-11
Suppose -4 = 2*k, -5*o = 4*k - 2 - 5. Let q(h) = 4*h - o*h + h - 3*h + 1. Calculate q(-5).
6
Let z(d) be the third derivative of -d**7/2520 + d**6/144 - d**5/20 - d**4/24 - 2*d**2. Let w(r) be the second derivative of z(r). Determine w(4).
-2
Suppose -j + 5*x + 13 = 0, -x + 19 = 3*j - 6*x. Let l(d) = 2*d**3 - 11 + 2*d**3 - j*d**3 + 7*d**2 + 8*d + 16. Calculate l(-6).
-7
Let f(d) = -3. Let w(k) = -k + 1. Let i(o) = -f(o) - 3*w(o). What is i(-2)?
-6
Let d(p) be the third derivative of -p**4/12 - 2*p**3/3 + 2*p**2. Let x(l) = l**2 + l + 9. Let f be x(0). Suppose -3*w - f = -0*w. Give d(w).
2
Let s(k) = 4*k**2 - 27*k**3 + 2*k - 3 + 12*k**3 + 0*k**2 + 16*k**3. Give s(-3).
0
Let v(m) = m**2 + 8*m + 7. Let c = -18 + 12. Give v(c).
-5
Let h(c) = -2*c**2 + c - 1. Let v(l) = -3*l**2 + l - 1. Let b(m) = -5*h(m) + 6*v(m). Let y(n) = -2*n + 15. Let j be y(7). Calculate b(j).
-8
Let k = 1 + -3. Let y(d) = 2 + d + 0 - 3*d. Let c(l) = 1. Let r(q) = k*c(q) + y(q). Calculate r(-1).
2
Let m(c) = 2*c**2 + c - 2*c**3 - 4*c**2 - 2*c**3. Give m(1).
-5
Let k(f) = f + 2. Suppose 5*l - 4*p - 55 = 0, 0 = -3*l - l - 4*p + 8. Let r = -13 + l. Determine k(r).
-4
Suppose g + 10 = -4*v - 6, 5*g + 32 = -4*v. Let w = v - -3. Let k(u) = u**2 - 5. Calculate k(w).
-5
Let c = 26 + -1. Suppose 0*v - 5*v = -c. Let p(z) = 2*z - 2. Determine p(v).
8
Let z(x) = x - 2. Let v = 33 - 18. Suppose 0 = -4*w + 2*n - 8 - 22, 3*w + v = -n. Determine z(w).
-8
Let h(b) be the third derivative of b**4/24 - b**3/3 - 10*b**2. What is h(-3)?
-5
Let t(k) = k**2 - 8*k + 3. Suppose 0*l = 2*s - 2*l - 4, -4*s - 4*l + 32 = 0. Calculate t(s).
-12
Suppose 0*l = u + l + 2, -4*l - 10 = 3*u. Suppose -u*i = -4*p - 16, 5*p - i + 5*i + 7 = 0. Let j(t) = t**3 + 4*t**2 - 2*t - 4. What is j(p)?
11
Let b(o) = o**3 - 5*o**2 + 4*o - 3. Let z = -27 + 15. Let n be (-4)/3*z/4. Give b(n).
-3
Let r(a) = a**3 - 6*a**2 + 5*a + 2. Let l = -4 + 5. Let h be (-2 - (-4)/2)*l. Let z = 5 - h. Determine r(z).
2
Suppose 0 = 13*z - 17*z - 16. Let y(b) = -b - 8. Calculate y(z).
-4
Let q(x) = x**2 + 2*x - 2. Let i be q(-4). Let s be 14/6 + 4/i. Let w(t) be the second derivative of t**3/3 - t**2/2 + t. Give w(s).
5
Let m(f) be the second derivative of 1/3*f**3 + 0 - 1/2*f**2 + 8*f. Calculate m(2).
3
Let n(c) = c**2 + 5*c + 5. Let z(r) = r**3 + 4*r**2 + 2*r**2 + 2*r - 4 - 12*r. Let k be z(-7). Let v be 18/(-24) - k/4. What is n(v)?
5
Let a(w) = -w + 2*w - w - 5 - 2*w. Determine a(4).
-13
Let m = -15 + 21. Suppose -5*u = 16 - m. Let r(d) = -d**3 - 5*d**2 - 2*d + 1. Give r(u).
-7
Let m(y) = -y + 8. Suppose 5*s = -2*j - 21 - 1, -j + 3 = -s. Let n(o) = o**2 + 5*o + 4. Let p be n(s). Give m(p).
8
Let t(j) be the first derivative of j**3/3 - j**2/2 - j + 2. Let b(p) be the first derivative of t(p). What is b(4)?
7
Let x(n) = -n + 1. Let z(s) = s**2 - 6*s - 1. Suppose 4 = 2*h - 5*j, h - 2*j - 10 = -h. Let c be z(h). Let i be x(c). Let v(a) = a**2 + 5*a. Give v(i).
0
Suppose -3*v + 3*o = 18, -4*v - o + 3 = 4*o. Let z(y) = y**3 + 5*y**2 + 4*y. Calculate z(v).
6
Suppose -m - 4*m + 20 = 0. Let y(k) be the second derivative of k**5/20 - 5*k**4/12 + 5*k**3/6 - 2*k**2 + 3*k. Determine y(m).
0
Suppose 3*y - 3 = 2*y. Let c(o) = 1 - 6*o**2 - o + 3*o**2 - o**y + 0*o. Give c(-2).
-1
Let h(r) be the second derivative of -2*r + 0 + 2/3*r**3 - 3/2*r**2 - 1/20*r**5 - 1/12*r**4. Calculate h(2).
-7
Suppose 3*j - 3*w - w - 34 = 0, -w - 16 = -2*j. Let g(l) = -l**3 + 7*l**2 - 5*l - 8. Give g(j).
-2
Let i(r) = -7*r - 4. Let u be i(-1). Let a(w) = w**3 - 5*w**2 + 5*w - 3. Give a(u).
-6
Let d(q) = q**2 - 1. Let k be d(3). Let r = -8 + k. Let w(g) = g + 8. Let o(j) = 4*j + 33. Let n(m) = 2*o(m) - 9*w(m). Give n(r).
-6
Let l(s) = -s**2 + 5*s + 12. Let b be l(7). Let u(z) = 2*z + 3*z - 4*z. What is u(b)?
-2
Let p(n) = n**2. Let h(l) = -5*l**2 + 2. Let y(q) = h(q) + 4*p(q). Let u be -1 + (-1)/((-5)/5). What is y(u)?
2
Let q(z) = -z**3 - z**2 - z + 3. Let t = 1 - 1. Let y be (t - 3 - -1) + 2. Calculate q(y).
3
Suppose -2*p + 4*j = -24, -p - p + 2*j = -14. Let m(a) = -3*a**2 + 3*a**2 + 3 + p*a**2 - 6*a + 0*a**2. Calculate m(4).
11
Let l be 3*-1 - -2 - 1. Let t be 1/(l/(-20)*-2). Let v(d) = 7*d - d**3 - 6 + 12 - 1 - 4*d**2. Calculate v(t).
-5
Let m(s) be the first derivative of -2*s**2 + 3*s**2 + 1 + 3*s - 3*s**2 + 2. Calculate m(3).
-9
Let v = 2 + 10. Let q = v - 13. Let m(d) = -7*d**2. Calculate m(q).
-7
Let h(z) be the second derivative of -z**3/6 - 3*z**2/2 + z + 7. Calculate h(0).
-3
Let y = 13 + -17. Let d(c) = -2*c + 5. What is d(y)?
13
Let w(l) be the third derivative of l**5/60 - 7*l**4/24 + l**3 + l**2 + 22*l. Determine w(7).
6
Let i(y) = -y**2 - 7*y - 1. Let b be (14/(-3) - -2)/(2/6). Give i(b).
-9
Let q(x) = x**3 + 5*x**2 + 3*x + 1. Suppose -28 = 4*m + 5*f, -m - 5 = 5*f + 2. Let b(c) = c**3 + 6*c**2 - 6*c + 3. Let n be b(m). What is q(n)?
5
Suppose -b = -5 + 2. Let q(t) = 3*t**2 - 7 + 4 - 3*t + b*t**2 - t**3 - 2*t. What is q(5)?
-3
Let k(b) = 4*b - 6. Let r(q) = 3*q**3 + 2*q**2 + 2*q - 2. Let u(a) = -a**3 + 1. Let c(v) = -r(v) - 2*u(v). Let o be c(-2). Determine k(o).
10
Let i(q) be the third derivative of 0 + 0*q - 1/60*q**5 - 5/24*q**4 + 3*q**2 - 1/3*q**3. Calculate i(-5).
-2
Let m(q) = q + 1. Let j be -1 + (4 - -1)/1. Suppose z + j*z = 15. Suppose -l = z*t - 3*l + 25, -5*l = -2*t - 35. What is m(t)?
-4
Let t(u) = u. Let f(q) = -2*q + 1. Let v = 2 + 1. Let h(a) = v*t(a) + 2*f(a). Calculate h(1).
1
Let v(l) = -2*l - 2. Let x(p) = -p**2 - 2*p - 3. Let b be x(-2). Let i(w) = w + 1. Let j(s) = 1. Let u(g) = i(g) + 5*j(g). Let c be u(b). Give v(c).
-8
Let r(z) = -z**3 + 5*z**2 + 5*z + 4. Let x = -3 + 7. Let d be (3 - x) + (7 - 0). What is r(d)?
-2
Let p(i) = i - 6. Let c(r) = -1. Let y(a) = -3*c(a) + p(a). Determine y(5).
2
Let w(g) be the third derivative of 1/24*g**4 + 0 + 1/120*g**6 + 0*g - g**2 + 1/60*g**5 + 7/6*g**3. Suppose 0 = k - 42 + 42. What is w(k)?
7
Let o = -2 - -4. Let c(g) = -3*g**2 - 6*g + o*g**2 + 2 - 6. Let l be -3 + (-15)/(-3) - (8 + -1). What is c(l)?
1
Let f = 10 + -7. Let g(c) = 2 - 2*c + 2*c + 2*c - f - 6*c**2. Give g(1).
-5
Let f(q) = -q + 5. Let w(t) = 3*t - 15. Let l(d) = 17*f(d) + 6*w(d). What is l(6)?
1
Let c(w) be the third derivative of w**8/6720 - w**7/840 - w**6/